{"id":3241,"date":"2015-07-03T10:02:11","date_gmt":"2015-07-03T10:02:11","guid":{"rendered":"http:\/\/themes.themegoods.com\/photography\/demo1\/?page_id=3241"},"modified":"2023-02-25T07:17:52","modified_gmt":"2023-02-25T13:17:52","slug":"servicios","status":"publish","type":"page","link":"https:\/\/malanquinsanmiguel.com\/?page_id=3241","title":{"rendered":"Servicios"},"content":{"rendered":"<div class=\"one withsmallpadding ppb_header \" style=\"text-align:left;padding:30px 0 30px 0\">\n<div class=\"standard_wrapper\">\n<div class=\"page_content_wrapper\">\n<div class=\"inner\">\n<div style=\"margin:auto;width:100%\"><\/div>\n<\/div>\n<\/div>\n<\/div>\n<\/div>\n<div class=\"one\" style=\"padding:0px 0 0px 0\">\n<div class=\"standard_wrapper\">\n<div class=\"page_content_wrapper\">\n<div class=\"inner\">\n<div class=\"one_half content_middle textright\">\n<div class=\"ppb_subtitle\">San Miguel de Allende, Guanajuato<\/div>\n<h2 class=\"ppb_title\">Residencial La Mesa<\/h2>\n<\/div>\n<div style=\"margin-top:20px\">\n<p>\nLos Servicios con los que cuenta el Residencial Malanquin son los siguientes:<br \/>\n\u2022 Seguridad Externa e Interna las 24 hs.<br \/>\n\u2022 Mantenimiento de Areas verdes, Calles y Banquetas.<br \/>\n\u2022 Recolecci\u00f3n de Residuos.<br \/>\n\u2022 Iluminaci\u00f3n P\u00fablica.<br \/>\n\u2022 Seguridad Personal y por Video C\u00e1maras.<br \/>\n\u2022 Fraccionamiento privado, cerrado y con cerca y muros perimetrales para su tranquilidad<br \/>\n\u2022 Servicios subterr\u00e1neos de Agua, Luz y Drenajes.<br \/>\n\u2022 Planta Alemana de tratamiento de aguas residuales de \u00faltima generaci\u00f3n, con una producci\u00f3n de 100 m3 diarios y calidad Norma 3 para contacto humano.<\/p>\n<\/div>\n<\/div>\n<div class=\"one_half last\"><\/div>\n<p><br class=\"clear\" \/><\/div>\n<\/div>\n<\/div>\n<\/div>\n","protected":false},"excerpt":{"rendered":"","protected":false},"author":1,"featured_media":1711,"parent":0,"menu_order":0,"comment_status":"closed","ping_status":"open","template":"","meta":{"_monsterinsights_skip_tracking":false,"_monsterinsights_sitenote_active":false,"_monsterinsights_sitenote_note":"","_monsterinsights_sitenote_category":0,"footnotes":""},"class_list":["post-3241","page","type-page","status-publish","has-post-thumbnail","hentry"],"yoast_head":"<!-- This site is optimized with the Yoast SEO plugin v23.4 - https:\/\/yoast.com\/wordpress\/plugins\/seo\/ -->\n<title>Servicios - Residencial Malanquin La Mesa<\/title>\n<meta name=\"robots\" content=\"index, follow, max-snippet:-1, max-image-preview:large, max-video-preview:-1\" \/>\n<link rel=\"canonical\" href=\"https:\/\/malanquinsanmiguel.com\/?page_id=3241\" \/>\n<meta property=\"og:locale\" content=\"es_MX\" \/>\n<meta property=\"og:type\" content=\"article\" \/>\n<meta property=\"og:title\" content=\"Servicios - Residencial Malanquin La Mesa\" \/>\n<meta property=\"og:url\" content=\"https:\/\/malanquinsanmiguel.com\/?page_id=3241\" \/>\n<meta property=\"og:site_name\" content=\"Residencial Malanquin La Mesa\" \/>\n<meta property=\"article:modified_time\" content=\"2023-02-25T13:17:52+00:00\" \/>\n<meta name=\"twitter:card\" content=\"summary_large_image\" \/>\n<script type=\"application\/ld+json\" class=\"yoast-schema-graph\">{\"@context\":\"https:\/\/schema.org\",\"@graph\":[{\"@type\":\"WebPage\",\"@id\":\"https:\/\/malanquinsanmiguel.com\/?page_id=3241\",\"url\":\"https:\/\/malanquinsanmiguel.com\/?page_id=3241\",\"name\":\"Servicios - Residencial Malanquin La Mesa\",\"isPartOf\":{\"@id\":\"https:\/\/malanquinsanmiguel.com\/#website\"},\"primaryImageOfPage\":{\"@id\":\"https:\/\/malanquinsanmiguel.com\/?page_id=3241#primaryimage\"},\"image\":{\"@id\":\"https:\/\/malanquinsanmiguel.com\/?page_id=3241#primaryimage\"},\"thumbnailUrl\":\"\",\"datePublished\":\"2015-07-03T10:02:11+00:00\",\"dateModified\":\"2023-02-25T13:17:52+00:00\",\"breadcrumb\":{\"@id\":\"https:\/\/malanquinsanmiguel.com\/?page_id=3241#breadcrumb\"},\"inLanguage\":\"es\",\"potentialAction\":[{\"@type\":\"ReadAction\",\"target\":[\"https:\/\/malanquinsanmiguel.com\/?page_id=3241\"]}]},{\"@type\":\"ImageObject\",\"inLanguage\":\"es\",\"@id\":\"https:\/\/malanquinsanmiguel.com\/?page_id=3241#primaryimage\",\"url\":\"\",\"contentUrl\":\"\"},{\"@type\":\"BreadcrumbList\",\"@id\":\"https:\/\/malanquinsanmiguel.com\/?page_id=3241#breadcrumb\",\"itemListElement\":[{\"@type\":\"ListItem\",\"position\":1,\"name\":\"Inicio\",\"item\":\"https:\/\/malanquinsanmiguel.com\/\"},{\"@type\":\"ListItem\",\"position\":2,\"name\":\"Servicios\"}]},{\"@type\":\"WebSite\",\"@id\":\"https:\/\/malanquinsanmiguel.com\/#website\",\"url\":\"https:\/\/malanquinsanmiguel.com\/\",\"name\":\"Residencial Malanquin La Mesa\",\"description\":\"Casas y Terrenos San Miguel de Allende\",\"potentialAction\":[{\"@type\":\"SearchAction\",\"target\":{\"@type\":\"EntryPoint\",\"urlTemplate\":\"https:\/\/malanquinsanmiguel.com\/?s={search_term_string}\"},\"query-input\":{\"@type\":\"PropertyValueSpecification\",\"valueRequired\":true,\"valueName\":\"search_term_string\"}}],\"inLanguage\":\"es\"}]}<\/script>\n<!-- \/ Yoast SEO plugin. -->","yoast_head_json":{"title":"Servicios - Residencial Malanquin La Mesa","robots":{"index":"index","follow":"follow","max-snippet":"max-snippet:-1","max-image-preview":"max-image-preview:large","max-video-preview":"max-video-preview:-1"},"canonical":"https:\/\/malanquinsanmiguel.com\/?page_id=3241","og_locale":"es_MX","og_type":"article","og_title":"Servicios - Residencial Malanquin La Mesa","og_url":"https:\/\/malanquinsanmiguel.com\/?page_id=3241","og_site_name":"Residencial Malanquin La Mesa","article_modified_time":"2023-02-25T13:17:52+00:00","twitter_card":"summary_large_image","schema":{"@context":"https:\/\/schema.org","@graph":[{"@type":"WebPage","@id":"https:\/\/malanquinsanmiguel.com\/?page_id=3241","url":"https:\/\/malanquinsanmiguel.com\/?page_id=3241","name":"Servicios - Residencial Malanquin La Mesa","isPartOf":{"@id":"https:\/\/malanquinsanmiguel.com\/#website"},"primaryImageOfPage":{"@id":"https:\/\/malanquinsanmiguel.com\/?page_id=3241#primaryimage"},"image":{"@id":"https:\/\/malanquinsanmiguel.com\/?page_id=3241#primaryimage"},"thumbnailUrl":"","datePublished":"2015-07-03T10:02:11+00:00","dateModified":"2023-02-25T13:17:52+00:00","breadcrumb":{"@id":"https:\/\/malanquinsanmiguel.com\/?page_id=3241#breadcrumb"},"inLanguage":"es","potentialAction":[{"@type":"ReadAction","target":["https:\/\/malanquinsanmiguel.com\/?page_id=3241"]}]},{"@type":"ImageObject","inLanguage":"es","@id":"https:\/\/malanquinsanmiguel.com\/?page_id=3241#primaryimage","url":"","contentUrl":""},{"@type":"BreadcrumbList","@id":"https:\/\/malanquinsanmiguel.com\/?page_id=3241#breadcrumb","itemListElement":[{"@type":"ListItem","position":1,"name":"Inicio","item":"https:\/\/malanquinsanmiguel.com\/"},{"@type":"ListItem","position":2,"name":"Servicios"}]},{"@type":"WebSite","@id":"https:\/\/malanquinsanmiguel.com\/#website","url":"https:\/\/malanquinsanmiguel.com\/","name":"Residencial Malanquin La Mesa","description":"Casas y Terrenos San Miguel de Allende","potentialAction":[{"@type":"SearchAction","target":{"@type":"EntryPoint","urlTemplate":"https:\/\/malanquinsanmiguel.com\/?s={search_term_string}"},"query-input":{"@type":"PropertyValueSpecification","valueRequired":true,"valueName":"search_term_string"}}],"inLanguage":"es"}]}},"_links":{"self":[{"href":"https:\/\/malanquinsanmiguel.com\/index.php?rest_route=\/wp\/v2\/pages\/3241","targetHints":{"allow":["GET"]}}],"collection":[{"href":"https:\/\/malanquinsanmiguel.com\/index.php?rest_route=\/wp\/v2\/pages"}],"about":[{"href":"https:\/\/malanquinsanmiguel.com\/index.php?rest_route=\/wp\/v2\/types\/page"}],"author":[{"embeddable":true,"href":"https:\/\/malanquinsanmiguel.com\/index.php?rest_route=\/wp\/v2\/users\/1"}],"replies":[{"embeddable":true,"href":"https:\/\/malanquinsanmiguel.com\/index.php?rest_route=%2Fwp%2Fv2%2Fcomments&post=3241"}],"version-history":[{"count":0,"href":"https:\/\/malanquinsanmiguel.com\/index.php?rest_route=\/wp\/v2\/pages\/3241\/revisions"}],"wp:featuredmedia":[{"embeddable":true,"href":"https:\/\/malanquinsanmiguel.com\/index.php?rest_route=\/"}],"wp:attachment":[{"href":"https:\/\/malanquinsanmiguel.com\/index.php?rest_route=%2Fwp%2Fv2%2Fmedia&parent=3241"}],"curies":[{"name":"wp","href":"https:\/\/api.w.org\/{rel}","templated":true}]}}